{"id":39,"date":"2025-07-18T18:03:28","date_gmt":"2025-07-18T16:03:28","guid":{"rendered":"https:\/\/aquazen.club\/?page_id=39"},"modified":"2025-07-18T18:03:28","modified_gmt":"2025-07-18T16:03:28","slug":"inscriptions-apnee-vendome","status":"publish","type":"page","link":"https:\/\/aquazen.club\/index.php\/inscriptions-apnee-vendome\/","title":{"rendered":"Inscriptions"},"content":{"rendered":"\n<p>Cette ann\u00e9e, le club propose l&rsquo;inscription et le paiement en ligne avec HelloAsso ! En adh\u00e9rant, vous rejoignez une communaut\u00e9 de sportifs engag\u00e9s et passionn\u00e9s. Nous avons h\u00e2te de d\u00e9marrer la saison \u00e0 vos c\u00f4t\u00e9s ! Pour plus de d\u00e9tails sur nos modalit\u00e9s d&rsquo;adh\u00e9sion, consultez nos tarifs et conditions ci-dessous.\ud83e\udd7d<\/p>\n\n\n\n<h3 class=\"wp-block-heading\">Bienvenue \u00e0 Aquazen<\/h3>\n\n\n\n<h4 class=\"wp-block-heading\"><strong>Pourquoi adh\u00e9rer \u00e0 l&rsquo;association ? <\/strong><strong>\ud83d\udc47<\/strong><\/h4>\n\n\n\n<p>Adh\u00e9rer \u00e0 notre association sportive vous permettra :&nbsp;<\/p>\n\n\n\n<ul class=\"wp-block-list\">\n<li>de pratiquer votre sport durant toute l&rsquo;ann\u00e9e<\/li>\n\n\n\n<li>d&rsquo;acc\u00e9der aux sorties Club<\/li>\n\n\n\n<li>d&rsquo;\u00eatre assur\u00e9\u00b7e aupr\u00e8s de la FFESSM en RC et en Dommage Accident (Option facultative mais fortement conseill\u00e9e !!!)<\/li>\n<\/ul>\n\n\n\n<h4 class=\"wp-block-heading\"><strong>Conditions de l&rsquo;adh\u00e9sion<\/strong><\/h4>\n\n\n\n<p>Documents \u00e0 compl\u00e9ter et \u00e0 fournir lors de votre inscription sur HelloAsso :&nbsp;<\/p>\n\n\n\n<ul class=\"wp-block-list\">\n<li>Certificat m\u00e9dical de moins d&rsquo;un an (sa publication est facultative, mais il devra \u00eatre pr\u00e9sent\u00e9 dans les premi\u00e8res semaines de septembre)<\/li>\n\n\n\n<li>Toutes les infos sur le certificat m\u00e9dical ici : <a href=\"https:\/\/plongee.ffessm.fr\/certificat-medical-caci\">https:\/\/plongee.ffessm.fr\/certificat-medical-caci<\/a><\/li>\n<\/ul>\n\n\n\n<h4 class=\"wp-block-heading\"><strong>Pass&rsquo;Sport<\/strong><\/h4>\n\n\n\n<p>Vous \u00eates b\u00e9n\u00e9ficiaire du Pass&rsquo;Sport ?&nbsp;<\/p>\n\n\n\n<p>Utilisez le code promo <strong>PASSPORT<\/strong> lors de votre inscription sur HelloAsso, il vous donnera une r\u00e9duction de 50 \u20ac. Merci de nous procurer le justificatif directement au bureau du club suite \u00e0 votre paiement.<\/p>\n\n\n\n<div class=\"wp-block-buttons is-content-justification-center is-layout-flex wp-container-core-buttons-is-layout-16018d1d wp-block-buttons-is-layout-flex\">\n<div class=\"wp-block-button is-style-fill\"><a class=\"wp-block-button__link has-central-palette-2-background-color has-background has-medium-font-size has-custom-font-size wp-element-button\" href=\"https:\/\/www.helloasso.com\/associations\/aquazen-club\/adhesions\/adhesion-2025-2026-aquazen\">Adh\u00e9rer via HelloAsso<\/a><\/div>\n<\/div>\n","protected":false},"excerpt":{"rendered":"<p>Cette ann\u00e9e, le club propose l&rsquo;inscription et le paiement en ligne avec HelloAsso ! En adh\u00e9rant, vous rejoignez une communaut\u00e9 de sportifs engag\u00e9s et passionn\u00e9s. Nous avons h\u00e2te de d\u00e9marrer la saison \u00e0 vos c\u00f4t\u00e9s ! Pour plus de d\u00e9tails sur nos modalit\u00e9s d&rsquo;adh\u00e9sion, consultez nos tarifs et conditions ci-dessous.\ud83e\udd7d Bienvenue \u00e0 Aquazen Pourquoi adh\u00e9rer [&hellip;]<\/p>\n","protected":false},"author":2,"featured_media":0,"parent":0,"menu_order":0,"comment_status":"closed","ping_status":"closed","template":"","meta":{"footnotes":""},"class_list":["post-39","page","type-page","status-publish","hentry"],"yoast_head":"<!-- This site is optimized with the Yoast SEO plugin v27.4 - https:\/\/yoast.com\/product\/yoast-seo-wordpress\/ -->\n<title>Inscriptions - AquaZen Club<\/title>\n<meta name=\"description\" content=\"Inscrivez-vous pour pratiquer l&#039;apn\u00e9e avec AquaZen, le club de Vend\u00f4me. Voir le formulaire d&#039;adh\u00e9sion 2025-2026.\" \/>\n<meta name=\"robots\" content=\"index, follow, max-snippet:-1, max-image-preview:large, max-video-preview:-1\" \/>\n<link rel=\"canonical\" href=\"https:\/\/aquazen.club\/index.php\/inscriptions-apnee-vendome\/\" \/>\n<meta property=\"og:locale\" content=\"fr_FR\" \/>\n<meta property=\"og:type\" content=\"article\" \/>\n<meta property=\"og:title\" content=\"Inscriptions - AquaZen Club\" \/>\n<meta property=\"og:description\" content=\"Inscrivez-vous pour pratiquer l&#039;apn\u00e9e avec AquaZen, le club de Vend\u00f4me. Voir le formulaire d&#039;adh\u00e9sion 2025-2026.\" \/>\n<meta property=\"og:url\" content=\"https:\/\/aquazen.club\/index.php\/inscriptions-apnee-vendome\/\" \/>\n<meta property=\"og:site_name\" content=\"AquaZen Club\" \/>\n<meta name=\"twitter:card\" content=\"summary_large_image\" \/>\n<meta name=\"twitter:label1\" content=\"Dur\u00e9e de lecture estim\u00e9e\" \/>\n\t<meta name=\"twitter:data1\" content=\"1 minute\" \/>\n<script type=\"application\/ld+json\" class=\"yoast-schema-graph\">{\"@context\":\"https:\\\/\\\/schema.org\",\"@graph\":[{\"@type\":\"WebPage\",\"@id\":\"https:\\\/\\\/aquazen.club\\\/index.php\\\/inscriptions-apnee-vendome\\\/\",\"url\":\"https:\\\/\\\/aquazen.club\\\/index.php\\\/inscriptions-apnee-vendome\\\/\",\"name\":\"Inscriptions - AquaZen Club\",\"isPartOf\":{\"@id\":\"https:\\\/\\\/aquazen.club\\\/#website\"},\"datePublished\":\"2025-07-18T16:03:28+00:00\",\"description\":\"Inscrivez-vous pour pratiquer l'apn\u00e9e avec AquaZen, le club de Vend\u00f4me. Voir le formulaire d'adh\u00e9sion 2025-2026.\",\"breadcrumb\":{\"@id\":\"https:\\\/\\\/aquazen.club\\\/index.php\\\/inscriptions-apnee-vendome\\\/#breadcrumb\"},\"inLanguage\":\"fr-FR\",\"potentialAction\":[{\"@type\":\"ReadAction\",\"target\":[\"https:\\\/\\\/aquazen.club\\\/index.php\\\/inscriptions-apnee-vendome\\\/\"]}]},{\"@type\":\"BreadcrumbList\",\"@id\":\"https:\\\/\\\/aquazen.club\\\/index.php\\\/inscriptions-apnee-vendome\\\/#breadcrumb\",\"itemListElement\":[{\"@type\":\"ListItem\",\"position\":1,\"name\":\"Accueil\",\"item\":\"https:\\\/\\\/aquazen.club\\\/\"},{\"@type\":\"ListItem\",\"position\":2,\"name\":\"Inscriptions\"}]},{\"@type\":\"WebSite\",\"@id\":\"https:\\\/\\\/aquazen.club\\\/#website\",\"url\":\"https:\\\/\\\/aquazen.club\\\/\",\"name\":\"AquaZen Club\",\"description\":\"Respirez. Plongez. Grandissez.\",\"publisher\":{\"@id\":\"https:\\\/\\\/aquazen.club\\\/#organization\"},\"potentialAction\":[{\"@type\":\"SearchAction\",\"target\":{\"@type\":\"EntryPoint\",\"urlTemplate\":\"https:\\\/\\\/aquazen.club\\\/?s={search_term_string}\"},\"query-input\":{\"@type\":\"PropertyValueSpecification\",\"valueRequired\":true,\"valueName\":\"search_term_string\"}}],\"inLanguage\":\"fr-FR\"},{\"@type\":\"Organization\",\"@id\":\"https:\\\/\\\/aquazen.club\\\/#organization\",\"name\":\"AquaZen Club\",\"url\":\"https:\\\/\\\/aquazen.club\\\/\",\"logo\":{\"@type\":\"ImageObject\",\"inLanguage\":\"fr-FR\",\"@id\":\"https:\\\/\\\/aquazen.club\\\/#\\\/schema\\\/logo\\\/image\\\/\",\"url\":\"https:\\\/\\\/aquazen.club\\\/wp-content\\\/uploads\\\/2024\\\/11\\\/cropped-Logo-AquaZen.jpg\",\"contentUrl\":\"https:\\\/\\\/aquazen.club\\\/wp-content\\\/uploads\\\/2024\\\/11\\\/cropped-Logo-AquaZen.jpg\",\"width\":346,\"height\":314,\"caption\":\"AquaZen Club\"},\"image\":{\"@id\":\"https:\\\/\\\/aquazen.club\\\/#\\\/schema\\\/logo\\\/image\\\/\"}}]}<\/script>\n<!-- \/ Yoast SEO plugin. -->","yoast_head_json":{"title":"Inscriptions - AquaZen Club","description":"Inscrivez-vous pour pratiquer l'apn\u00e9e avec AquaZen, le club de Vend\u00f4me. Voir le formulaire d'adh\u00e9sion 2025-2026.","robots":{"index":"index","follow":"follow","max-snippet":"max-snippet:-1","max-image-preview":"max-image-preview:large","max-video-preview":"max-video-preview:-1"},"canonical":"https:\/\/aquazen.club\/index.php\/inscriptions-apnee-vendome\/","og_locale":"fr_FR","og_type":"article","og_title":"Inscriptions - AquaZen Club","og_description":"Inscrivez-vous pour pratiquer l'apn\u00e9e avec AquaZen, le club de Vend\u00f4me. Voir le formulaire d'adh\u00e9sion 2025-2026.","og_url":"https:\/\/aquazen.club\/index.php\/inscriptions-apnee-vendome\/","og_site_name":"AquaZen Club","twitter_card":"summary_large_image","twitter_misc":{"Dur\u00e9e de lecture estim\u00e9e":"1 minute"},"schema":{"@context":"https:\/\/schema.org","@graph":[{"@type":"WebPage","@id":"https:\/\/aquazen.club\/index.php\/inscriptions-apnee-vendome\/","url":"https:\/\/aquazen.club\/index.php\/inscriptions-apnee-vendome\/","name":"Inscriptions - AquaZen Club","isPartOf":{"@id":"https:\/\/aquazen.club\/#website"},"datePublished":"2025-07-18T16:03:28+00:00","description":"Inscrivez-vous pour pratiquer l'apn\u00e9e avec AquaZen, le club de Vend\u00f4me. Voir le formulaire d'adh\u00e9sion 2025-2026.","breadcrumb":{"@id":"https:\/\/aquazen.club\/index.php\/inscriptions-apnee-vendome\/#breadcrumb"},"inLanguage":"fr-FR","potentialAction":[{"@type":"ReadAction","target":["https:\/\/aquazen.club\/index.php\/inscriptions-apnee-vendome\/"]}]},{"@type":"BreadcrumbList","@id":"https:\/\/aquazen.club\/index.php\/inscriptions-apnee-vendome\/#breadcrumb","itemListElement":[{"@type":"ListItem","position":1,"name":"Accueil","item":"https:\/\/aquazen.club\/"},{"@type":"ListItem","position":2,"name":"Inscriptions"}]},{"@type":"WebSite","@id":"https:\/\/aquazen.club\/#website","url":"https:\/\/aquazen.club\/","name":"AquaZen Club","description":"Respirez. Plongez. Grandissez.","publisher":{"@id":"https:\/\/aquazen.club\/#organization"},"potentialAction":[{"@type":"SearchAction","target":{"@type":"EntryPoint","urlTemplate":"https:\/\/aquazen.club\/?s={search_term_string}"},"query-input":{"@type":"PropertyValueSpecification","valueRequired":true,"valueName":"search_term_string"}}],"inLanguage":"fr-FR"},{"@type":"Organization","@id":"https:\/\/aquazen.club\/#organization","name":"AquaZen Club","url":"https:\/\/aquazen.club\/","logo":{"@type":"ImageObject","inLanguage":"fr-FR","@id":"https:\/\/aquazen.club\/#\/schema\/logo\/image\/","url":"https:\/\/aquazen.club\/wp-content\/uploads\/2024\/11\/cropped-Logo-AquaZen.jpg","contentUrl":"https:\/\/aquazen.club\/wp-content\/uploads\/2024\/11\/cropped-Logo-AquaZen.jpg","width":346,"height":314,"caption":"AquaZen Club"},"image":{"@id":"https:\/\/aquazen.club\/#\/schema\/logo\/image\/"}}]}},"_links":{"self":[{"href":"https:\/\/aquazen.club\/index.php\/wp-json\/wp\/v2\/pages\/39","targetHints":{"allow":["GET"]}}],"collection":[{"href":"https:\/\/aquazen.club\/index.php\/wp-json\/wp\/v2\/pages"}],"about":[{"href":"https:\/\/aquazen.club\/index.php\/wp-json\/wp\/v2\/types\/page"}],"author":[{"embeddable":true,"href":"https:\/\/aquazen.club\/index.php\/wp-json\/wp\/v2\/users\/2"}],"replies":[{"embeddable":true,"href":"https:\/\/aquazen.club\/index.php\/wp-json\/wp\/v2\/comments?post=39"}],"version-history":[{"count":13,"href":"https:\/\/aquazen.club\/index.php\/wp-json\/wp\/v2\/pages\/39\/revisions"}],"predecessor-version":[{"id":203,"href":"https:\/\/aquazen.club\/index.php\/wp-json\/wp\/v2\/pages\/39\/revisions\/203"}],"wp:attachment":[{"href":"https:\/\/aquazen.club\/index.php\/wp-json\/wp\/v2\/media?parent=39"}],"curies":[{"name":"wp","href":"https:\/\/api.w.org\/{rel}","templated":true}]}}